 + z + 11 = 0. Give r(k).
-2
Let c(h) = -h**3 - 5*h**2 - h - 3. Suppose 6*l = -0*l - 792. Let f = 74 + l. Let i = 53 + f. Determine c(i).
2
Let j(p) = p**3 + 11*p**2 - 13*p - 14. Suppose 9*n - 14*n = 5*t - 1520, 0 = 2*t - 8. Suppose 0 = 23*s + 2*s + n. Calculate j(s).
-2
Let y be 40/72*-6*99/(-55). Let m(o) be the second derivative of o**3/6 - 6*o**2 - o. Calculate m(y).
-6
Let b(c) = c**3 + 49*c**2 - 4*c - 196. Suppose 2283 - 8457 = 5*w + 121*w. Determine b(w).
0
Let m = 1 - -4. Suppose -10*o + 15 = -5. Let b(y) = -48 - o*y + 22 + 28. Calculate b(m).
-8
Let d(k) = -25520*k + 12752*k + 12761*k - 4 + 7*k**2. Give d(-2).
38
Let z(d) = -5*d**2 - 13*d + 5. Let b(h) = 21*h**2 + 53*h - 20. Let u(r) = 2*b(r) + 9*z(r). Give u(-5).
-15
Let z(d) = -14*d + 3. Let w(u) = 8*u - 8. Let o(l) = -2*w(l) - z(l). What is o(11)?
-9
Let v(j) = j**3 + 9*j**2 - j - 12. Let s = 192 + -187. Suppose s*b + 2*n + 49 = 0, -5*b + n - 1 - 42 = 0. Determine v(b).
-3
Suppose 4*w + 32 = -0*w. Let v = w - -16. Let r(p) = -p**3 + 9*p**2 - 12*p + 8. Give r(v).
-24
Let t = 13 - 21. Suppose -150*m + 24 = -138*m. Let p(d) = d**3 - 24*d**2 + 15*d**m - 11 + 18*d**2 + 6*d. What is p(t)?
5
Let k(t) be the third derivative of -t**6/120 - 11*t**5/60 - t**4/12 - 9*t**3/2 + 47*t**2 - 3*t + 1. Give k(-11).
-5
Let p(n) = -2*n - 3. Let o(f) = -36*f + 68. Let r(v) = 3*o(v) - 48*p(v). Let z be r(30). Let u(i) = -i**2 - 12*i - 5. What is u(z)?
-5
Let j = 2 + -27. Let q(f) = -3*f**3 - 18*f**2 + 17*f. Let r be q(-7). Let n = j + r. Let p(w) = -w**3 + 4*w**2 - 2*w + 3. What is p(n)?
6
Let r be (100/(-1100))/(5/55). Let p(w) be the second derivative of 2/3*w**4 + 0 + 1/6*w**3 + 1/2*w**2 - w. Calculate p(r).
8
Suppose -4*t + 4 = -5*x, 1 = 2*t + 2*x - 19. Let i(o) = 57 + 8*o - 54 - 9*o. Calculate i(t).
-3
Let p(s) = -s**3 - 8*s**2 - 12*s + 10. Let o be p(-5). Let k(y) = -8*y**2 + 7*y - 7. Let x(q) = -14*q**2 + 13*q - 13. Let m(t) = o*k(t) + 3*x(t). What is m(3)?
-10
Let q(d) = -12*d**2 - 3*d - 2. Let v = -2825 + 2824. Calculate q(v).
-11
Let i(b) = -b**2 - 8*b - 8. Let a be (-1 + 1)*5/15 + 2. Suppose 17 = -2*g - a*y + 1, 2*g - 5*y = -9. Calculate i(g).
-1
Let w(n) = n**2 - 11*n + 15. Let v(l) = 60*l + 369. Let b be v(-6). What is w(b)?
-3
Let o(v) = v**3 + 6*v**2 - 5*v + 8. Suppose -19*b + 61 + 9 = -29*b. Determine o(b).
-6
Let q(d) = -3*d - 26. Let f be (-136)/28 - 150/1050. Calculate q(f).
-11
Let j(u) be the second derivative of u**4/6 - 19*u**3/6 + 31*u**2/2 + 522*u. Determine j(7).
-4
Let r(s) = s**2 + 6*s - 8. Let w = -1686 - -1678. Calculate r(w).
8
Let g be (270/36)/((-3)/16). Let d be (-1 - (-21)/35)/(2/g). Let f be -1*4/d*-2. Let t(v) = 4*v - 1. What is t(f)?
3
Let m(b) = -b**2 - 6*b + 11. Let u be m(-7). Let k(w) be the first derivative of -5/3*w**3 - 6*w - 4 + 1/4*w**4 + 2*w**2. Give k(u).
-6
Let f(h) be the first derivative of h**4/4 + 7*h**3/3 - 7*h**2/2 + 4*h + 2. Let i(d) = 13*d - 396. Let n be i(31). Suppose -n*z = 11*z + 144. Give f(z).
-4
Let p(f) = -3*f. Let c(s) = -5*s - 1. Let n be (-87)/(-17) + -7 + 2/(-17). Let o(m) = n*c(m) + 3*p(m). Calculate o(5).
7
Let q(o) = -o**2 - 5*o - 2. Let r = 306 - 119. Let p = 183 - r. Give q(p).
2
Let f(m) = 4*m**2 - 15*m - 131. Let u(y) = 3*y**2 - 16*y - 105. Let v(j) = -2*f(j) + 3*u(j). Give v(-3).
10
Let k(b) = -3*b**3 + 10*b**2 + 5*b + 16. Let f(c) = -2*c**3 + 7*c**2 + 3*c + 11. Let x(a) = -8*f(a) + 5*k(a). Let s = 42 + -36. What is x(s)?
-2
Let l(g) = -4 - 4*g**2 + 11 + 7*g - 3 + 7. Let k(o) = -9*o**2 + 14*o + 24. Let t(i) = 3*k(i) - 7*l(i). Determine t(7).
-5
Let c(y) = y**3 + 4*y**2 - y - 3. Let m be 12/(-5)*25/(-10). Let k be (-40)/m*(5 + 49/(-5)). Suppose 4*p + k = -4*p. Give c(p).
1
Let o = -133 + 139. Suppose -20 = o*w + 22. Let d(x) = 10*x - 2*x + 10 + x + 2*x**2 - 8*x**2 - x**3. Determine d(w).
-4
Let k(m) = -12*m + 42*m + 1 - 15*m - 12*m - m**2. Let l be (10/4)/(18/36). Give k(l).
-9
Suppose 41*w - 48*w + 14 = 0. Let o(h) = 44*h - 1 - 2*h**2 + 2*h**2 + h**w - 38*h. Calculate o(-7).
6
Suppose 0 = -82*b + 159*b - 82*b. Let h(l) be the second derivative of -1/6*l**3 + 1/2*l**2 + b + 21*l. Determine h(0).
1
Let o be (-15)/(-9)*2001/115. Suppose o*s = -19 - 10. Let q(k) = 5*k**3 + k + 1. Calculate q(s).
-5
Let b(s) be the first derivative of -s**4/4 + 2*s**3 + s**2/2 + 24*s + 342. Give b(7).
-18
Let m be (-5)/(-2)*534/(-3). Let s = m - -446. Let a(c) = 11*c + 5. Let o(p) = -10*p - 4. Let k(t) = 5*a(t) + 6*o(t). Determine k(s).
-4
Let y(g) = -g**3 + 12*g**2 - 15*g + 21. Suppose -18*i + 159 + 6 = -3*i. What is y(i)?
-23
Suppose q + 3*o = 7 + 5, 3*q + 4*o = 21. Let f be ((-17)/(-4))/(q - 94/32). Let m(n) = 31*n**3 + 1 - 2*n**2 + n + 38*n**3 - f*n**3 - 6*n. Give m(4).
13
Let r(v) = 10 + 4*v + 6 - 23 + 9. Let t(g) = g - 3. Let h(z) = -r(z) + 5*t(z). Give h(7).
-10
Let m(k) = -2*k**3 - k**2 - 2*k - 1. Suppose -2*p + 4 = 0, 4*l = 8*l + 4*p - 24. Suppose -l*z = 4*h - 9 - 7, 3*h - 4*z + 23 = 0. Give m(h).
2
Let h(s) = s**3 - 6*s**2 - 13*s - 19. Let r be h(8). Let x be r*(3 - 2) + 3. Let y(c) = -c**3 + 8*c**2 + 4*c + 4. Determine y(x).
36
Let g(k) = -16 + 5*k**2 + 4*k + 17 - k**2 - k**3 + 2*k**3. Let w be g(-4). Let f be (-2)/w - 128/60. Let p(o) = o - 1. Determine p(f).
-3
Let y(f) = -11*f**2 + f - 12. Let l(q) = q**3 - 2*q**2 - 28*q - 13. Let k be l(-4). Calculate y(k).
-108
Let v be 432/72*(-3)/(-18). Let x = -10 - -12. Let k(i) = -5*i**2 + i**2 - 9*i**x + 2*i**2 + 1 - 2*i. Determine k(v).
-12
Let t be (1 - -5)/(1/1). Let x(r) be the first derivative of -2*r**2 + 4*r - 6440. Determine x(t).
-20
Let p(d) = -d**2 - 12*d + 4. Suppose -21*m = 22*m. Suppose m = -26*j + 33*j + 84. Give p(j).
4
Let z(i) = -i - 11. Let c = -38 + 30. Let b be ((-2)/c)/((-6)/(-48)). Let m = b - 11. Determine z(m).
-2
Let g(a) = 4*a**3 - 2*a**2 - a. Let s(x) = 13*x**3 - 10*x**2 - 9*x + 4. Let y(z) = -3*g(z) + s(z). Suppose -q + 6 = -4*q. Let h be 33/6 + 1/q. What is y(h)?
-1
Let j = 16558 + -16563. Let p(s) = 0*s**2 + 4*s + 5 + s**2 + s - s. Calculate p(j).
10
Suppose -36846 + 36850 = 2*h. Let y(g) = 46*g + 6. Give y(h).
98
Let x(n) = 3*n**3 - 3*n - 2. Suppose -9*o + 5 - 50 = 0. Let l(a) = -7*a**3 - a**2 + 8*a + 3. Let c(z) = o*x(z) - 2*l(z). Determine c(3).
-8
Suppose 2*i + 4*u = 24, 7*i = 10*i - u - 8. Suppose j + 14 = 2*z, 5*j - 5 = -i*z - z. Let r(y) be the first derivative of -y**2/2 - y - 1. Calculate r(z).
-6
Let m(c) = -c + 14. Let d = 216 - 144. Let b be (6/(-4))/((-12)/d). What is m(b)?
5
Let a = 20 + -15. Suppose -14 = 4*z - 2*b, -a*b - 6 = -1. Let g(x) = 2*x - x**3 + 2*x**3 + 4*x**2 - 11 + 4 + 9. Calculate g(z).
-6
Let c(z) = -z**2 - 3*z + 4. Suppose 5*f + 25 = 70. Let x be (-2)/(f/12 + -1). Suppose -2*g = k + x, 12 = -4*g + g - 5*k. What is c(g)?
0
Let l(x) = 22*x - 9*x**2 + 8*x**2 + 22076 - 22126. Give l(5).
35
Suppose 0 = -m + 2*x + 2, 5*m - 4 = -5*x + 6. Let f(o) = -o**3 + 0*o**2 + 0*o**2 - 5*o**m. Calculate f(-5).
0
Let n(x) = -2*x - 2. Let f(a) = 4*a + 3. Let d(z) = -6*f(z) - 11*n(z). Let r be 8/4 - 4 - -5. Determine d(r).
-2
Suppose 116 = 4*k + 108. Let w(q) be the second derivative of -16*q + 0 - 5/12*q**4 + 1/2*q**k + 1/20*q**5 + 1/3*q**3. Calculate w(4).
-7
Let v be (255/153)/((-85)/(-18) + -5). Let q(y) = y**3 + 4*y**2 - 10*y + 15. What is q(v)?
3
Let l(b) be the third derivative of -b**4/6 + b**3/3 - 20*b**2. Let j(o) = o**3 - 6*o**2 - 3*o + 20. Let h be j(6). Determine l(h).
-6
Suppose 3 = -g + 2*g. Suppose -4*m - 44 + 56 = 0. Let b(h) = 5*h**3 - 12*h**g + 25*h**2 - 5*h**m - 24*h**2. What is b(1)?
-11
Suppose 8 = -p - p. Let b(h) = -2*h**3 - 3*h**2 + 4*h + 23 - 104 + h**3 + 20 + 32 + 31. Give b(p).
2
Let j(c) = -61*c**3 + 120*c**3 - 58*c**3 + 18 - 31 - 3*c**2 + 18 - 7*c. Suppose -3*v + 16 = m, -v + 16 = -0*v + 3*m. Give j(v).
-7
Let s(o) = -11015 + 11019 + 16*o - 11*o. Calculate s(0).
4
Let t(a) = -2*a**2 - 13*a + 10. Suppose 30 = -3*j + 2*d, -3*j - 2*d + 79 = 97. Determine t(j).
-14
Suppose -3*s - 2*v = -4, -8*s = -11*s + v + 16. Let o(y) = -s*y - y - 3 + 1 + 3*y + 5*y**2. Determine o(-1).
5
Suppose 0 = 4*s + t + 12, 2*s + 4*t = 7*t - 6. Let a = 200 - 197. Let k(p) = -p**a + 10*p - 2167 + 2167 - 8*p. Give k(s).
21
Let w(j) be the first derivative of -9/4*j**4 - j - 1/3*j**3 + j**2 - 1. What is w(1)?
-9
Let y = -455 - -446. Let d(x) = -x - 17. 